highest common divisor of o and 40?
40
Suppose o - 3*g = -13, 3*g - 4 - 3 = 4*o. Suppose k = 4*k - o*k. Suppose 4*v - 552 - 8 = k. What is the greatest common factor of 56 and v?
28
Suppose 8768 + 1659 = 128*c - 4293. Calculate the highest common divisor of 585 and c.
5
Suppose 4*k + 8 = 5*h + 137, -k + 4*h = -46. Let t = k - 14. Suppose 13*c - 230 = -74. Calculate the greatest common divisor of t and c.
12
Suppose -3*r = -3*f - 121 - 29, f + 152 = 3*r. Calculate the greatest common divisor of r and 6817.
17
Let n = 212 + -192. Suppose 18 = 2*o - n. Let f = -74 + 131. Calculate the greatest common divisor of o and f.
19
Let t(m) = -13*m - 60. Let y be t(-5). Suppose v - 6*v - y*p + 315 = 0, 0 = -v + 3*p + 51. Calculate the greatest common factor of v and 2.
2
Let l = -4577 - -6854. What is the highest common factor of 198 and l?
99
Let g(k) = -24 - 12*k - 2 - 2 + k**2. Let r be g(14). Suppose r = 4*h - 9 - 7. What is the greatest common factor of 16 and h?
4
Suppose 4*d - 411 - 2559 = -170. What is the highest common factor of d and 100?
100
Suppose p + d = 57, 5*d + 2 + 13 = 0. What is the highest common divisor of p and 8340?
60
Suppose -3*s + 3*v = 0, 0 = -453*s + 458*s + 4*v - 18. What is the highest common divisor of 556 and s?
2
Let g be ((-50)/(-4) - 0)*2. Let l be 1/(10/8) - 4674/(-95). Calculate the greatest common factor of l and g.
25
Let k be ((-38)/(-8) - (-3)/12) + -3. Suppose k*i + i = -2*x + 180, 0 = 5*i + 4*x - 300. Let c = i - 38. Calculate the highest common factor of 242 and c.
22
Suppose 12*u - 323 + 23 = 0. What is the highest common divisor of u and 3200?
25
Suppose -33*r + 37 = -32*r - 3*h, -r - 5*h + 85 = 0. Calculate the highest common divisor of 7634 and r.
11
Suppose -j = -12*y + 13*y - 19, 4*y - 92 = -5*j. Let z(u) = 2*u**2 - 29*u + 6. Let n be z(j). What is the highest common divisor of 90 and n?
18
Let c(m) = m + 39. Let f be c(-13). Let h be ((-8)/(-6))/(2/78). Calculate the greatest common divisor of h and f.
26
Let u(h) = 7*h. Let c be u(-6). Let q be (28/c)/(2/(-57)). Let d be 1/((-1)/19*-1). What is the greatest common divisor of d and q?
19
Let x = 18250 - 18238. Let t(q) = q**3 + 6*q**2 - 9*q + 10. Let b be t(-7). Calculate the highest common divisor of x and b.
12
Let z = 23 + -67. Let k = z - -143. Suppose 2*r - 51 = k. What is the highest common factor of r and 50?
25
Let p(y) = 2*y**2 - 578*y + 2325. Let f be p(4). What is the highest common divisor of 13485 and f?
15
Let w = -7 + 4. Let d(r) = -4 + 2413*r + 11 - 2419*r + 1. Let h be d(w). What is the greatest common factor of 13 and h?
13
Let v be (-16)/(-12) - ((-1680)/18)/2. Calculate the highest common divisor of 2288 and v.
16
Suppose -4*v + 1102 = 5*t - 128, -5*v = 3*t - 1557. Let y be (5/3)/(2/54). Calculate the highest common factor of y and v.
45
Let w(a) = -7*a - 20. Suppose 8*q + 2*g + 156 = 4*q, q = 2*g - 29. Let o = -54 - q. Let s be w(o). Calculate the highest common factor of 11 and s.
11
Suppose 160*m - 168*m = -160. Let o be (-2 + -68)/(1/(-2) - 0). What is the highest common divisor of o and m?
20
Let b = -64 + 193. Let x = b - 125. Calculate the greatest common divisor of x and 10.
2
Suppose -4*u + 61 = 41, -u = d - 159. Calculate the greatest common divisor of 550 and d.
22
Let y = 121 + -109. What is the highest common factor of y and 186?
6
Let w = -1266 + 2977. Suppose 0 = 6*a - w + 61. Let c = a + -139. What is the highest common factor of c and 17?
17
Let w = -1612 - -1628. Suppose 0 = 4*f + 2*u - 262, -3*f - 6*u = -5*u - 195. What is the highest common factor of w and f?
16
Let b = -2295 + 2311. Calculate the greatest common divisor of 3664 and b.
16
Let l(r) = 4*r**2 - 48*r - 592. Let f be l(38). Calculate the greatest common factor of 5 and f.
5
Suppose 53*f - 20 = 58*f, -5*x + 502 = 2*f. Calculate the highest common divisor of 918 and x.
102
Let b be 8 + (8 - 11*-498) + -4. Calculate the greatest common factor of b and 90.
90
Suppose 63 + 482 = 5*a - 5*b, 5*a = -b + 515. Let d be 8242/a + 3/4. What is the highest common divisor of d and 16?
16
Suppose -5*f - 1529 = -v, -2*f + 3*v - 826 = -204. Let j = 711 + f. Calculate the highest common divisor of j and 58.
58
Let r = -10143 + 10311. What is the highest common factor of 1764 and r?
84
Suppose -2*q + 81 = q. Suppose -2*m = -4*f + 9 + 97, 2*f - 5*m = 33. Suppose t = 25 + f. Calculate the greatest common factor of q and t.
27
Suppose 15*j = 31*j - 256. Suppose -j*o - 6*o = -264. Suppose -a + 9 + 7 = 0. What is the greatest common divisor of a and o?
4
Let i(x) = -x**2 + 7*x + 10. Let y be i(-10). Let n = y - -268. What is the greatest common factor of n and 3?
3
Let g(o) = -2*o**2 + 102*o + 72. Let b be g(48). What is the highest common divisor of b and 792?
72
Let v(h) = -h**3 - 114*h**2 + 592*h - 195. Let m be v(-119). What is the highest common factor of m and 672?
6
Let v be 450 + (-14)/(112/72). Let n(r) = -2*r**3 - 3*r**2 + 6*r + 7. Let t be n(-4). Calculate the highest common divisor of v and t.
63
Suppose 32*a - 779 = -9*a. Let p be (a/((-133)/1260))/(-2). Calculate the greatest common divisor of p and 150.
30
Suppose 0 = -y + 5*y - 4. Let d = 15 + y. Let t(l) = -429*l + 67357. Let v be t(157). Calculate the greatest common divisor of v and d.
4
Let f(r) = 3*r**2 - 2*r + 13. Let b be f(-5). Suppose g = -2*w + 3*g + b, -3*g = 4*w - 168. What is the highest common factor of 9 and w?
9
Suppose -5*b = 5*i + 1020, -830 = 4*i - 0*b - 3*b. Let r = -185 - i. What is the highest common divisor of 168 and r?
21
Let l = -35119 - -36045. Calculate the greatest common divisor of 4 and l.
2
Suppose -8*w = -100 - 724. Suppose -22 = -c - u, 9*c - u + w = 13*c. Let q be -2*(-54)/4*3. What is the highest common divisor of q and c?
27
Let g = -196 + 198. Suppose 4*l - 232 - 1106 = -g*k, -l - 3*k + 342 = 0. What is the highest common divisor of l and 74?
37
Let u = -93 - -118. Suppose 1188 = u*r + 8*r. What is the greatest common factor of 54 and r?
18
Suppose 2*d + 0*i - 4*i - 76 = 0, d = 4*i + 40. Let c(a) = -2*a**2 + 330*a - 10522. Let u be c(44). Calculate the highest common factor of u and d.
18
Let t = -569 + 2017. What is the greatest common divisor of 181 and t?
181
Let b(q) = 2*q - 3. Let o be ((-225)/(-20) - 3) + (-2)/8. Let h be b(o). Calculate the highest common factor of 208 and h.
13
Let i(y) = -y**3 - 18*y**2 + 55*y + 73. Let d be i(-22). Calculate the greatest common divisor of d and 188.
47
Suppose 54*g + 40068 = 96*g. Suppose 2*y + 9 = 115. What is the greatest common divisor of g and y?
53
Let o = 19910 + -17934. What is the greatest common factor of 2888 and o?
152
Suppose 0 = 184*v - 189*v - 3*p + 19177, p = -5*v + 19179. What is the highest common factor of 28 and v?
28
Let k = -939 + 949. Calculate the highest common divisor of k and 865.
5
Let b be (-2)/(-65) - 53682/(-4485). Calculate the greatest common divisor of 698 and b.
2
Let j(a) = 3*a**2 + 96*a + 645. Let x be j(-24). Calculate the highest common divisor of x and 437.
23
Suppose 24*z - 26*z + 208 = 0. Let j(s) = -18*s + 12. Let k be j(-8). What is the highest common factor of k and z?
52
Let f be 9*((-4)/24 - (-14)/4). Suppose 0 = -3*j - 3*v + f, -2 = -j - v - 4*v. Calculate the highest common divisor of 15 and j.
3
Let w be (6/2)/3*-46*28. Let g be (7/((-49)/w))/2. What is the greatest common factor of 69 and g?
23
Suppose 2*c = j - 205, 2*j + 5*c - 389 = 2*c. Let d = 280 - j. Calculate the highest common divisor of d and 9.
9
Let i be 4 + (1 - 1) + 1938/51. What is the highest common divisor of 70 and i?
14
Let n = -34 - -89. Suppose -n = -y - 49. Suppose 2*q - y*q + 96 = 0. What is the greatest common divisor of q and 18?
6
Let g(l) be the second derivative of l**5/20 - 11*l**4/6 + 41*l**3/6 - 5*l**2 - 6*l - 2. Let w be g(20). Calculate the highest common factor of 80 and w.
10
Let w be 1375/77 + 2/14. Suppose 22*f - 20*f - w = 0. Calculate the greatest common divisor of 333 and f.
9
Suppose -65 - 13 = -6*d. Suppose -2*i - 3*t + 1092 = 0, 3*i + 0*i - 3*t - 1653 = 0. Suppose 8*r = 283 + i. Calculate the greatest common divisor of r and d.
13
Let g be (-33)/198 + 58/(-12). Let a be -8 + g*(-3)/3. Let k be (390/(-20))/((-1)/((-4)/a)). Calculate the greatest common divisor of k and 13.
13
Let w be (2